prime factors of -39*(9/j)/(-9)?
13
Suppose d + 156 = 3*d. Let i = d - 26. What are the prime factors of i?
2, 13
Let b(p) = 4*p**2 - 11*p. List the prime factors of b(6).
2, 3, 13
Let o be ((-14)/8)/(12/(-48)). Suppose -2*l = -o*l + 185. What are the prime factors of l?
37
Suppose 18 = -3*r + 3. List the prime factors of -4 - r - (-4 + -1).
2, 3
Let x(w) = -3*w**2 + 3*w - 2. Let d be x(3). List the prime factors of (-1)/((14/d)/7).
2, 5
Let v(o) = 0*o + 2*o + o - 15. What are the prime factors of v(10)?
3, 5
List the prime factors of (65/(-2))/(((-2)/(-2))/(-2)).
5, 13
Suppose -4*n - 8 = -5*n. Suppose -3*p - 90 = -n*p. List the prime factors of p.
2, 3
Let i = 37 + -35. What are the prime factors of i?
2
Let c = -36 - -46. List the prime factors of c.
2, 5
Suppose 5*s = 1 - 11. Let f = s + 5. Suppose 4 = m - 0, -f*r + 2*m = -4. List the prime factors of r.
2
Let c = 10 - 19. Let p(j) = -j - 9. Let i be p(c). Suppose 8*h - 3*h - 65 = i. What are the prime factors of h?
13
Let x(o) = 5 - 3 + 2*o + 5. What are the prime factors of x(6)?
19
Let k(t) be the first derivative of -t**2 - 8*t + 3. List the prime factors of k(-7).
2, 3
Let i be 10/(-20) + (-10)/(-4). Suppose -2*j - 2 = 0, -i*d - 4*j + 26 = -0*d. What are the prime factors of d?
3, 5
Let b(h) be the first derivative of h**4/4 - 5*h**3/3 + 3*h**2 + 3. List the prime factors of b(4).
2
Let r(n) = -n**3 + 3*n**2 + 3*n. List the prime factors of r(-4).
2, 5
Let k = 47 - 24. Let u = k - 15. List the prime factors of u.
2
Suppose 2*l - 93 = -3*w, -2*w + 2*l - 21 = -83. List the prime factors of w.
31
Let q(z) = z - 3. Let t be q(0). Let b be (-3)/(-1)*(-4)/t. What are the prime factors of 10/(-5)*(-6)/b?
3
Let w(y) = -y**2 + 2*y + 4. Let c be w(6). Let p = 34 + c. What are the prime factors of p?
2, 7
Suppose 5*q = -86 + 281. What are the prime factors of q?
3, 13
Suppose -3*n = -230 - 652. Suppose -7*y + n = -0*y. What are the prime factors of y?
2, 3, 7
Suppose -2*c + 4*f + 84 = 0, c + 2*c - 106 = -4*f. Suppose 17 = 5*n - c. Suppose -3*p + 0*b = -5*b - n, -5*p + b + 33 = 0. What are the prime factors of p?
7
Let q(y) = y**3 + 7*y**2 - 10*y - 8. List the prime factors of q(-8).
2
Let o be ((-400)/64)/(2/8). List the prime factors of 32/2*o/(-10).
2, 5
Let k(q) be the second derivative of q**5/20 + 11*q**4/12 + 7*q**3/3 - 3*q**2 - q. Let z be k(-10). What are the prime factors of z/(-8) + 7/28?
2, 3
Let v(t) = 5*t**3 - t**2 + 2*t - 1. Let a be v(1). Suppose 5*h = n + 6, -h + 0*h - a*n - 4 = 0. List the prime factors of h/(45/21 - 2).
7
Let o = -4 + 11. Let h(d) = -2 + 3 + d + 0*d. List the prime factors of h(o).
2
Suppose 60 = -4*x + 476. What are the prime factors of x?
2, 13
Let z(g) = 8*g**3 - g**2. Let t be z(1). Let n be ((-20)/(-6))/(4/6). Let r = t + n. List the prime factors of r.
2, 3
Let p(j) = -2*j**2 - 10*j + 15. Let v(l) = l**2 + 5*l - 8. Let o(i) = -3*p(i) - 5*v(i). What are the prime factors of o(2)?
3
Let n(y) = -4*y - 3. Suppose 2*v - 4 = 4*v. Let x be n(v). What are the prime factors of 5/4*(x + -1)?
5
What are the prime factors of (-30)/4*18/(-15)?
3
Let j = -16 - -29. Let u(t) = 9*t**2 + 3*t + 2. Let b be u(-1). Let i = j - b. What are the prime factors of i?
5
Suppose 0 = 2*m + 3*m + 115. Let o be (-2)/(m/7 - -3). Let z = 11 + o. List the prime factors of z.
2, 3
Suppose -h - 1210 = -6*h. List the prime factors of h.
2, 11
Suppose 0 = -5*z - 2*l + 17, 4 + 4 = z + 5*l. Suppose 0 = -z*x - 0 + 6. Suppose -w - 3*k = -4*w + 33, -3*w - x*k + 38 = 0. What are the prime factors of w?
2, 3
Suppose -31 = -2*k + m, -6*k + 5*k + 3*m + 3 = 0. Let b = k - -6. What are the prime factors of b?
2, 3
Suppose -4*f - 3*z = -0*z, 2*z = -f - 5. Suppose 5*l - 25 = l - f*j, -2*l + j + 15 = 0. What are the prime factors of l?
7
Let d = -7 + 5. Let x = d + 4. Suppose 2*k + x*k + 3*j - 84 = 0, -5*k + 106 = 4*j. What are the prime factors of k?
2, 3
Suppose c - 5*m = 45, 4*c - 2*m = m + 112. List the prime factors of c.
5
Suppose 0 = -4*v - v + 500. List the prime factors of v.
2, 5
Suppose w + 2*w - 6 = 0. Suppose -2*n = w*k - 48, 6*k - 103 = 2*k + 3*n. Suppose 2*h + 3*h - k = 0. What are the prime factors of h?
5
Suppose 3*h - 136 - 287 = 0. List the prime factors of h.
3, 47
Suppose -17 + 1 = -4*o. Suppose 30 + 18 = o*i. List the prime factors of i.
2, 3
Let i = 18 - 8. List the prime factors of i.
2, 5
Let b = -37 - -315. List the prime factors of b.
2, 139
Let u(m) = m**3 + 6*m**2 + 4*m. Let y be 3/6 - 28/8. What are the prime factors of u(y)?
3, 5
Let s = -9 - -23. List the prime factors of s.
2, 7
Suppose -3*s - 2*n = 2*s - 1641, -2*s + 639 = -5*n. List the prime factors of s.
3, 109
Suppose 3*u - 5*u + 30 = 0. What are the prime factors of u?
3, 5
Suppose -3*f + 604 + 311 = 0. List the prime factors of f.
5, 61
Let z(j) = j**3 + 8*j**2 - j - 4. Let q be z(-8). List the prime factors of (q/(-8))/1*-8.
2
Let m be 0 - -1 - (-4 - -1). Suppose -s - 40 = -m*x - 0*x, 2*x = 4*s + 6. Suppose -h = -0*h - x. List the prime factors of h.
11
Let m(c) = c**3 - 8*c**2 + 4. Let l be m(8). Suppose l*z = -3*s + 24, -2*s + 3 = -3*z - 30. What are the prime factors of s?
2, 3
Let a(t) = -t**2 - 18*t - 16. List the prime factors of a(-7).
61
Let g be 2/(-2 + 0/3). Let y be g*(-6 - 3/(-1)). Let s(z) = 9*z - 4. List the prime factors of s(y).
23
Let z(y) = -3*y**3 - 2*y**2 - 8*y - 20. What are the prime factors of z(-5)?
3, 5, 23
Suppose 5*g - 69 = 51. List the prime factors of g.
2, 3
Let c be -1 - -3 - (-14)/(-7). Suppose -q - 4 + 10 = c. What are the prime factors of q?
2, 3
Let b(w) = -9*w + 25. List the prime factors of b(-4).
61
Let m(y) = -13*y**3 + y**2 + 2*y + 4. Let t be m(3). List the prime factors of t/(-14) + 4/14.
2, 3
Suppose 0 = -o - 2*n - 6 - 2, -n = 4*o + 11. Let a = o - -7. List the prime factors of (a - 0)*(-24)/(-10).
2, 3
Let x = 4 + 4. What are the prime factors of x?
2
Suppose 4*a - t + 0*t = 7, 3*a + 1 = 2*t. Suppose 0*f = -4*m + 2*f + 134, f = -a. Let u = -13 + m. List the prime factors of u.
19
Suppose 0 = 2*i - 187 - 73. Suppose -5*n - 880 + i = 0. What are the prime factors of 8/44 + n/(-22)?
7
Let a = -6 + 4. Let h = a - -14. Suppose 0*c - h = -4*c. What are the prime factors of c?
3
Suppose f - 152 = -3*f. What are the prime factors of f?
2, 19
Let j(t) = -13*t**2 + t - 1. Let b be j(1). Let l = b - -20. List the prime factors of l.
7
Let g = 8 + -6. Let i be 4/(-18) - (-6)/27. Let m = g + i. What are the prime factors of m?
2
Suppose -5 = -i - m - 6, -4*m - 16 = 0. Suppose -i*y + 15 = -6. Let b(t) = t**2 - 6*t + 2. What are the prime factors of b(y)?
3
Let q = 0 + -2. Let h = q - -9. Suppose 5*n = h*n - 20. What are the prime factors of n?
2, 5
Suppose -5*a = -265 - 35. List the prime factors of a.
2, 3, 5
Let j(r) be the first derivative of -r**2/2 - 5*r - 2. Let g be j(-7). Suppose g*u - 14 = -2*t - 6, 4*u = 2*t + 4. List the prime factors of u.
2
Suppose -5*k - 113 + 38 = 0. What are the prime factors of ((-48)/20)/(6/k)?
2, 3
Suppose -5*f - 61 = -2*z, 2*f + 28 = -0*z + z. What are the prime factors of 460/36 - (-4)/z?
13
Suppose -8*p + 70 = -3*p. List the prime factors of p.
2, 7
List the prime factors of ((-5)/(-30)*-8)/((-6)/369).
2, 41
Suppose -j - 4*j = -1065. List the prime factors of j.
3, 71
Let p be 10/3*(-6)/(-2). Let x(t) = -p - t + 6 + 3*t. List the prime factors of x(6).
2
Let q be (1/(-2))/((-3)/(-18)). What are the prime factors of (0/1)/q + 18?
2, 3
Suppose 54 + 21 = 5*p. Suppose p - 5 = -5*n. Let s = 1 - n. What are the prime factors of s?
3
Let m(l) = 9*l**3 - l + 1. List the prime factors of m(1).
3
List the prime factors of -1 + (-27 - -3)*-1.
23
Suppose 0*d = -d + 2. What are the prime factors of ((7 - d) + 2)*3?
3, 7
What are the prime factors of (-8)/28 + 32/14?
2
Suppose i - 5*u - 27 = 0, 3*i - u - 49 = -2*u. List the prime factors of i + -2 + -1 - -2.
2
Let i(k) = k**2 + 128. Let a be i(0). Suppose -2*f = 2*f - a. What are the prime factors of f?
2
Suppose 710 = 5*c + b - 6*b, 3*b - 408 = -3*c. What are the prime factors of c?
139
Suppose 2*g = w - 4*w + 2, 15 = 5*w + g. Let o(r) = -r**3 + 3*r**2 + 5*r - 2. Let z be o(w). Suppose -3*x + z*x = -17. What are the prime factors of x?
17
Let f be (1/(-1) - 0)*-17. Suppose 5*c - c + y = f, -35 = -5*c - 4*y